
{"id":210,"date":"2016-08-17T14:49:55","date_gmt":"2016-08-17T12:49:55","guid":{"rendered":"https:\/\/www.lachat-mouronvalle-avocats.com\/succession-testament\/?page_id=210"},"modified":"2021-09-20T12:43:07","modified_gmt":"2021-09-20T10:43:07","slug":"actualites","status":"publish","type":"page","link":"https:\/\/www.lachat-mouronvalle-avocats.com\/succession-testament\/actualites\/","title":{"rendered":"Actualit\u00e9s"},"content":{"rendered":"<p>[vc_row][vc_column][vc_column_text]<div class=\"column_filters\"><div class=\"blog_wrapper isotope_wrapper clearfix\"><div class=\"posts_group lm_wrapper col-3 classic hide-more\"><div class=\"post-item isotope-item clearfix author-admin-lm post-1062 post type-post status-publish format-standard has-post-thumbnail hentry category-actu\" ><div class=\"date_label\">8 juillet 2025<\/div><div class=\"image_frame post-photo-wrapper scale-with-grid image\"><div class=\"image_wrapper\"><a href=\"https:\/\/www.lachat-mouronvalle-avocats.com\/succession-testament\/ordonnance-grenoble-en-la-forme-des-referes-24-juin-2020-2-2-2-2-2-2-2-3\/\"><div class=\"mask\"><\/div><img loading=\"lazy\" decoding=\"async\" width=\"960\" height=\"750\" src=\"https:\/\/www.lachat-mouronvalle-avocats.com\/succession-testament\/wp-content\/uploads\/2016\/08\/photos-code-civil-1-960x750.jpg\" class=\"scale-with-grid wp-post-image\" alt=\"\" itemprop=\"image\" srcset=\"https:\/\/www.lachat-mouronvalle-avocats.com\/succession-testament\/wp-content\/uploads\/2016\/08\/photos-code-civil-1-960x750.jpg 960w, https:\/\/www.lachat-mouronvalle-avocats.com\/succession-testament\/wp-content\/uploads\/2016\/08\/photos-code-civil-1-1280x1000.jpg 1280w\" sizes=\"auto, (max-width: 960px) 100vw, 960px\" \/><\/a><div class=\"image_links double\"><a href=\"https:\/\/www.lachat-mouronvalle-avocats.com\/succession-testament\/wp-content\/uploads\/2016\/08\/photos-code-civil-1-1024x683.jpg\" class=\"zoom\" rel=\"prettyphoto\" data-rel=\"lightbox-image-0\" data-rl_title=\"\" data-rl_caption=\"\" title=\"\"><i class=\"icon-search\"><\/i><\/a><a href=\"https:\/\/www.lachat-mouronvalle-avocats.com\/succession-testament\/ordonnance-grenoble-en-la-forme-des-referes-24-juin-2020-2-2-2-2-2-2-2-3\/\" class=\"link\"><i class=\"icon-link\"><\/i><\/a><\/div><\/div><\/div><div class=\"post-desc-wrapper\"><div class=\"post-desc\"><div class=\"post-head\"><div class=\"post-meta clearfix\"><div class=\"author-date\"><span class=\"vcard author post-author\"><span class=\"label\">Published by <\/span><i class=\"icon-user\"><\/i> <span class=\"fn\"><a href=\"https:\/\/www.lachat-mouronvalle-avocats.com\/succession-testament\/author\/admin_lm\/\">Admin_LM<\/a><\/span><\/span> <span class=\"date\"><span class=\"label\">at <\/span><i class=\"icon-clock\"><\/i> <span class=\"post-date updated\">8 juillet 2025<\/span><\/span><\/div><div class=\"category\"><span class=\"cat-btn\">Categories <i class=\"icon-down-dir\"><\/i><\/span><div class=\"cat-wrapper\"><ul class=\"post-categories\">\n\t<li><a href=\"https:\/\/www.lachat-mouronvalle-avocats.com\/succession-testament\/category\/actu\/\" rel=\"category tag\">Actu<\/a><\/li><\/ul><\/div><\/div><\/div><\/div><div class=\"post-title\"><h2 class=\"entry-title\" itemprop=\"headline\"><a href=\"https:\/\/www.lachat-mouronvalle-avocats.com\/succession-testament\/ordonnance-grenoble-en-la-forme-des-referes-24-juin-2020-2-2-2-2-2-2-2-3\/\">Jugement PAF Lyon Juin 2025<\/a><\/h2><\/div><div class=\"post-excerpt\">Jugement PAF Lyon Juin 2025 815-11 Voir la d\u00e9cision<\/div><div class=\"post-footer\"><div class=\"button-love\"><span class=\"love-text\">Do you like it?<\/span><a href=\"#\" class=\"mfn-love \" data-id=\"1062\"><span class=\"icons-wrapper\"><i class=\"icon-heart-empty-fa\"><\/i><i class=\"icon-heart-fa\"><\/i><\/span><span class=\"label\">0<\/span><\/a><\/div><div class=\"post-links\"><i class=\"icon-doc-text\"><\/i> <a href=\"https:\/\/www.lachat-mouronvalle-avocats.com\/succession-testament\/ordonnance-grenoble-en-la-forme-des-referes-24-juin-2020-2-2-2-2-2-2-2-3\/\" class=\"post-more\">Read more<\/a><\/div><\/div><\/div><\/div><\/div><div class=\"post-item isotope-item clearfix author-admin-lm post-1027 post type-post status-publish format-standard has-post-thumbnail hentry category-actu\" ><div class=\"date_label\">5 mai 2025<\/div><div class=\"image_frame post-photo-wrapper scale-with-grid image\"><div class=\"image_wrapper\"><a href=\"https:\/\/www.lachat-mouronvalle-avocats.com\/succession-testament\/comment-eviter-la-vente-aux-encheres-de-biens-indivis\/\"><div class=\"mask\"><\/div><img loading=\"lazy\" decoding=\"async\" width=\"465\" height=\"630\" src=\"https:\/\/www.lachat-mouronvalle-avocats.com\/succession-testament\/wp-content\/uploads\/2025\/05\/screenshot-www.lachat-mouronvalle-avocats.com-2025.05.05-09_35_46.png\" class=\"scale-with-grid wp-post-image\" alt=\"\" itemprop=\"image\" srcset=\"https:\/\/www.lachat-mouronvalle-avocats.com\/succession-testament\/wp-content\/uploads\/2025\/05\/screenshot-www.lachat-mouronvalle-avocats.com-2025.05.05-09_35_46.png 465w, https:\/\/www.lachat-mouronvalle-avocats.com\/succession-testament\/wp-content\/uploads\/2025\/05\/screenshot-www.lachat-mouronvalle-avocats.com-2025.05.05-09_35_46-221x300.png 221w, https:\/\/www.lachat-mouronvalle-avocats.com\/succession-testament\/wp-content\/uploads\/2025\/05\/screenshot-www.lachat-mouronvalle-avocats.com-2025.05.05-09_35_46-108x146.png 108w, https:\/\/www.lachat-mouronvalle-avocats.com\/succession-testament\/wp-content\/uploads\/2025\/05\/screenshot-www.lachat-mouronvalle-avocats.com-2025.05.05-09_35_46-37x50.png 37w, https:\/\/www.lachat-mouronvalle-avocats.com\/succession-testament\/wp-content\/uploads\/2025\/05\/screenshot-www.lachat-mouronvalle-avocats.com-2025.05.05-09_35_46-55x75.png 55w\" sizes=\"auto, (max-width: 465px) 100vw, 465px\" \/><\/a><div class=\"image_links double\"><a href=\"https:\/\/www.lachat-mouronvalle-avocats.com\/succession-testament\/wp-content\/uploads\/2025\/05\/screenshot-www.lachat-mouronvalle-avocats.com-2025.05.05-09_35_46.png\" class=\"zoom\" rel=\"prettyphoto\" data-rel=\"lightbox-image-1\" data-rl_title=\"\" data-rl_caption=\"\" title=\"\"><i class=\"icon-search\"><\/i><\/a><a href=\"https:\/\/www.lachat-mouronvalle-avocats.com\/succession-testament\/comment-eviter-la-vente-aux-encheres-de-biens-indivis\/\" class=\"link\"><i class=\"icon-link\"><\/i><\/a><\/div><\/div><\/div><div class=\"post-desc-wrapper\"><div class=\"post-desc\"><div class=\"post-head\"><div class=\"post-meta clearfix\"><div class=\"author-date\"><span class=\"vcard author post-author\"><span class=\"label\">Published by <\/span><i class=\"icon-user\"><\/i> <span class=\"fn\"><a href=\"https:\/\/www.lachat-mouronvalle-avocats.com\/succession-testament\/author\/admin_lm\/\">Admin_LM<\/a><\/span><\/span> <span class=\"date\"><span class=\"label\">at <\/span><i class=\"icon-clock\"><\/i> <span class=\"post-date updated\">5 mai 2025<\/span><\/span><\/div><div class=\"category\"><span class=\"cat-btn\">Categories <i class=\"icon-down-dir\"><\/i><\/span><div class=\"cat-wrapper\"><ul class=\"post-categories\">\n\t<li><a href=\"https:\/\/www.lachat-mouronvalle-avocats.com\/succession-testament\/category\/actu\/\" rel=\"category tag\">Actu<\/a><\/li><\/ul><\/div><\/div><\/div><\/div><div class=\"post-title\"><h2 class=\"entry-title\" itemprop=\"headline\"><a href=\"https:\/\/www.lachat-mouronvalle-avocats.com\/succession-testament\/comment-eviter-la-vente-aux-encheres-de-biens-indivis\/\">Comment \u00e9viter la vente aux ench\u00e8res des biens indivis<\/a><\/h2><\/div><div class=\"post-excerpt\">https:\/\/www.lachat-mouronvalle-avocats.com\/succession-testament\/wp-content\/uploads\/2025\/05\/eviter-enchere-bien-indivis.mp4<\/div><div class=\"post-footer\"><div class=\"button-love\"><span class=\"love-text\">Do you like it?<\/span><a href=\"#\" class=\"mfn-love \" data-id=\"1027\"><span class=\"icons-wrapper\"><i class=\"icon-heart-empty-fa\"><\/i><i class=\"icon-heart-fa\"><\/i><\/span><span class=\"label\">0<\/span><\/a><\/div><div class=\"post-links\"><i class=\"icon-doc-text\"><\/i> <a href=\"https:\/\/www.lachat-mouronvalle-avocats.com\/succession-testament\/comment-eviter-la-vente-aux-encheres-de-biens-indivis\/\" class=\"post-more\">Read more<\/a><\/div><\/div><\/div><\/div><\/div><div class=\"post-item isotope-item clearfix author-admin-lm post-1022 post type-post status-publish format-standard has-post-thumbnail hentry category-actu\" ><div class=\"date_label\">28 janvier 2025<\/div><div class=\"image_frame post-photo-wrapper scale-with-grid image\"><div class=\"image_wrapper\"><a href=\"https:\/\/www.lachat-mouronvalle-avocats.com\/succession-testament\/ordonnance-grenoble-en-la-forme-des-referes-24-juin-2020-2-2-2-2-2-2-2-2\/\"><div class=\"mask\"><\/div><img loading=\"lazy\" decoding=\"async\" width=\"960\" height=\"750\" src=\"https:\/\/www.lachat-mouronvalle-avocats.com\/succession-testament\/wp-content\/uploads\/2016\/08\/photos-code-civil-1-960x750.jpg\" class=\"scale-with-grid wp-post-image\" alt=\"\" itemprop=\"image\" srcset=\"https:\/\/www.lachat-mouronvalle-avocats.com\/succession-testament\/wp-content\/uploads\/2016\/08\/photos-code-civil-1-960x750.jpg 960w, https:\/\/www.lachat-mouronvalle-avocats.com\/succession-testament\/wp-content\/uploads\/2016\/08\/photos-code-civil-1-1280x1000.jpg 1280w\" sizes=\"auto, (max-width: 960px) 100vw, 960px\" \/><\/a><div class=\"image_links double\"><a href=\"https:\/\/www.lachat-mouronvalle-avocats.com\/succession-testament\/wp-content\/uploads\/2016\/08\/photos-code-civil-1-1024x683.jpg\" class=\"zoom\" rel=\"prettyphoto\" data-rel=\"lightbox-image-0\" data-rl_title=\"\" data-rl_caption=\"\" title=\"\"><i class=\"icon-search\"><\/i><\/a><a href=\"https:\/\/www.lachat-mouronvalle-avocats.com\/succession-testament\/ordonnance-grenoble-en-la-forme-des-referes-24-juin-2020-2-2-2-2-2-2-2-2\/\" class=\"link\"><i class=\"icon-link\"><\/i><\/a><\/div><\/div><\/div><div class=\"post-desc-wrapper\"><div class=\"post-desc\"><div class=\"post-head\"><div class=\"post-meta clearfix\"><div class=\"author-date\"><span class=\"vcard author post-author\"><span class=\"label\">Published by <\/span><i class=\"icon-user\"><\/i> <span class=\"fn\"><a href=\"https:\/\/www.lachat-mouronvalle-avocats.com\/succession-testament\/author\/admin_lm\/\">Admin_LM<\/a><\/span><\/span> <span class=\"date\"><span class=\"label\">at <\/span><i class=\"icon-clock\"><\/i> <span class=\"post-date updated\">28 janvier 2025<\/span><\/span><\/div><div class=\"category\"><span class=\"cat-btn\">Categories <i class=\"icon-down-dir\"><\/i><\/span><div class=\"cat-wrapper\"><ul class=\"post-categories\">\n\t<li><a href=\"https:\/\/www.lachat-mouronvalle-avocats.com\/succession-testament\/category\/actu\/\" rel=\"category tag\">Actu<\/a><\/li><\/ul><\/div><\/div><\/div><\/div><div class=\"post-title\"><h2 class=\"entry-title\" itemprop=\"headline\"><a href=\"https:\/\/www.lachat-mouronvalle-avocats.com\/succession-testament\/ordonnance-grenoble-en-la-forme-des-referes-24-juin-2020-2-2-2-2-2-2-2-2\/\">Jugement Tribunal Laon 22 janvier 2025<\/a><\/h2><\/div><div class=\"post-excerpt\">Jugement tribunal Laon 22 janvier 2025 815-11 Voir la d\u00e9cision<\/div><div class=\"post-footer\"><div class=\"button-love\"><span class=\"love-text\">Do you like it?<\/span><a href=\"#\" class=\"mfn-love \" data-id=\"1022\"><span class=\"icons-wrapper\"><i class=\"icon-heart-empty-fa\"><\/i><i class=\"icon-heart-fa\"><\/i><\/span><span class=\"label\">0<\/span><\/a><\/div><div class=\"post-links\"><i class=\"icon-doc-text\"><\/i> <a href=\"https:\/\/www.lachat-mouronvalle-avocats.com\/succession-testament\/ordonnance-grenoble-en-la-forme-des-referes-24-juin-2020-2-2-2-2-2-2-2-2\/\" class=\"post-more\">Read more<\/a><\/div><\/div><\/div><\/div><\/div><div class=\"post-item isotope-item clearfix author-admin-lm post-1013 post type-post status-publish format-standard has-post-thumbnail hentry category-actu\" ><div class=\"date_label\">20 novembre 2024<\/div><div class=\"image_frame post-photo-wrapper scale-with-grid image\"><div class=\"image_wrapper\"><a href=\"https:\/\/www.lachat-mouronvalle-avocats.com\/succession-testament\/ordonnance-grenoble-en-la-forme-des-referes-24-juin-2020-2-2-2-2-2-2-2\/\"><div class=\"mask\"><\/div><img loading=\"lazy\" decoding=\"async\" width=\"960\" height=\"750\" src=\"https:\/\/www.lachat-mouronvalle-avocats.com\/succession-testament\/wp-content\/uploads\/2016\/08\/photos-code-civil-1-960x750.jpg\" class=\"scale-with-grid wp-post-image\" alt=\"\" itemprop=\"image\" srcset=\"https:\/\/www.lachat-mouronvalle-avocats.com\/succession-testament\/wp-content\/uploads\/2016\/08\/photos-code-civil-1-960x750.jpg 960w, https:\/\/www.lachat-mouronvalle-avocats.com\/succession-testament\/wp-content\/uploads\/2016\/08\/photos-code-civil-1-1280x1000.jpg 1280w\" sizes=\"auto, (max-width: 960px) 100vw, 960px\" \/><\/a><div class=\"image_links double\"><a href=\"https:\/\/www.lachat-mouronvalle-avocats.com\/succession-testament\/wp-content\/uploads\/2016\/08\/photos-code-civil-1-1024x683.jpg\" class=\"zoom\" rel=\"prettyphoto\" data-rel=\"lightbox-image-0\" data-rl_title=\"\" data-rl_caption=\"\" title=\"\"><i class=\"icon-search\"><\/i><\/a><a href=\"https:\/\/www.lachat-mouronvalle-avocats.com\/succession-testament\/ordonnance-grenoble-en-la-forme-des-referes-24-juin-2020-2-2-2-2-2-2-2\/\" class=\"link\"><i class=\"icon-link\"><\/i><\/a><\/div><\/div><\/div><div class=\"post-desc-wrapper\"><div class=\"post-desc\"><div class=\"post-head\"><div class=\"post-meta clearfix\"><div class=\"author-date\"><span class=\"vcard author post-author\"><span class=\"label\">Published by <\/span><i class=\"icon-user\"><\/i> <span class=\"fn\"><a href=\"https:\/\/www.lachat-mouronvalle-avocats.com\/succession-testament\/author\/admin_lm\/\">Admin_LM<\/a><\/span><\/span> <span class=\"date\"><span class=\"label\">at <\/span><i class=\"icon-clock\"><\/i> <span class=\"post-date updated\">20 novembre 2024<\/span><\/span><\/div><div class=\"category\"><span class=\"cat-btn\">Categories <i class=\"icon-down-dir\"><\/i><\/span><div class=\"cat-wrapper\"><ul class=\"post-categories\">\n\t<li><a href=\"https:\/\/www.lachat-mouronvalle-avocats.com\/succession-testament\/category\/actu\/\" rel=\"category tag\">Actu<\/a><\/li><\/ul><\/div><\/div><\/div><\/div><div class=\"post-title\"><h2 class=\"entry-title\" itemprop=\"headline\"><a href=\"https:\/\/www.lachat-mouronvalle-avocats.com\/succession-testament\/ordonnance-grenoble-en-la-forme-des-referes-24-juin-2020-2-2-2-2-2-2-2\/\">Jugement PAF Grenoble 14 novembre 2024<\/a><\/h2><\/div><div class=\"post-excerpt\">Jugement PAF Grenoble 14 Novembre 815-11 Voir la d\u00e9cision<\/div><div class=\"post-footer\"><div class=\"button-love\"><span class=\"love-text\">Do you like it?<\/span><a href=\"#\" class=\"mfn-love \" data-id=\"1013\"><span class=\"icons-wrapper\"><i class=\"icon-heart-empty-fa\"><\/i><i class=\"icon-heart-fa\"><\/i><\/span><span class=\"label\">0<\/span><\/a><\/div><div class=\"post-links\"><i class=\"icon-doc-text\"><\/i> <a href=\"https:\/\/www.lachat-mouronvalle-avocats.com\/succession-testament\/ordonnance-grenoble-en-la-forme-des-referes-24-juin-2020-2-2-2-2-2-2-2\/\" class=\"post-more\">Read more<\/a><\/div><\/div><\/div><\/div><\/div><div class=\"post-item isotope-item clearfix author-admin-lm post-1003 post type-post status-publish format-standard has-post-thumbnail hentry category-actu\" ><div class=\"date_label\">4 novembre 2024<\/div><div class=\"image_frame post-photo-wrapper scale-with-grid image\"><div class=\"image_wrapper\"><a href=\"https:\/\/www.lachat-mouronvalle-avocats.com\/succession-testament\/parution-affiches-de-grenoble-avril-2019-3-3\/\"><div class=\"mask\"><\/div><img loading=\"lazy\" decoding=\"async\" width=\"960\" height=\"750\" src=\"https:\/\/www.lachat-mouronvalle-avocats.com\/succession-testament\/wp-content\/uploads\/2024\/11\/Les-Affiches-Les-Affiches-de-Grenoble-et-du-Dauphine\u0301-vendredi-01-novembre-2024-Les-Affiches-de-Grenoble-et-du-Dauphine\u0301-Pages-68-69-1-960x750.jpg\" class=\"scale-with-grid wp-post-image\" alt=\"\" itemprop=\"image\" srcset=\"https:\/\/www.lachat-mouronvalle-avocats.com\/succession-testament\/wp-content\/uploads\/2024\/11\/Les-Affiches-Les-Affiches-de-Grenoble-et-du-Dauphine\u0301-vendredi-01-novembre-2024-Les-Affiches-de-Grenoble-et-du-Dauphine\u0301-Pages-68-69-1-960x750.jpg 960w, https:\/\/www.lachat-mouronvalle-avocats.com\/succession-testament\/wp-content\/uploads\/2024\/11\/Les-Affiches-Les-Affiches-de-Grenoble-et-du-Dauphine\u0301-vendredi-01-novembre-2024-Les-Affiches-de-Grenoble-et-du-Dauphine\u0301-Pages-68-69-1-1280x1000.jpg 1280w\" sizes=\"auto, (max-width: 960px) 100vw, 960px\" \/><\/a><div class=\"image_links double\"><a href=\"https:\/\/www.lachat-mouronvalle-avocats.com\/succession-testament\/wp-content\/uploads\/2024\/11\/Les-Affiches-Les-Affiches-de-Grenoble-et-du-Dauphine\u0301-vendredi-01-novembre-2024-Les-Affiches-de-Grenoble-et-du-Dauphine\u0301-Pages-68-69-1-1024x699.jpg\" class=\"zoom\" rel=\"prettyphoto\" data-rel=\"lightbox-image-4\" data-rl_title=\"\" data-rl_caption=\"\" title=\"\"><i class=\"icon-search\"><\/i><\/a><a href=\"https:\/\/www.lachat-mouronvalle-avocats.com\/succession-testament\/parution-affiches-de-grenoble-avril-2019-3-3\/\" class=\"link\"><i class=\"icon-link\"><\/i><\/a><\/div><\/div><\/div><div class=\"post-desc-wrapper\"><div class=\"post-desc\"><div class=\"post-head\"><div class=\"post-meta clearfix\"><div class=\"author-date\"><span class=\"vcard author post-author\"><span class=\"label\">Published by <\/span><i class=\"icon-user\"><\/i> <span class=\"fn\"><a href=\"https:\/\/www.lachat-mouronvalle-avocats.com\/succession-testament\/author\/admin_lm\/\">Admin_LM<\/a><\/span><\/span> <span class=\"date\"><span class=\"label\">at <\/span><i class=\"icon-clock\"><\/i> <span class=\"post-date updated\">4 novembre 2024<\/span><\/span><\/div><div class=\"category\"><span class=\"cat-btn\">Categories <i class=\"icon-down-dir\"><\/i><\/span><div class=\"cat-wrapper\"><ul class=\"post-categories\">\n\t<li><a href=\"https:\/\/www.lachat-mouronvalle-avocats.com\/succession-testament\/category\/actu\/\" rel=\"category tag\">Actu<\/a><\/li><\/ul><\/div><\/div><\/div><\/div><div class=\"post-title\"><h2 class=\"entry-title\" itemprop=\"headline\"><a href=\"https:\/\/www.lachat-mouronvalle-avocats.com\/succession-testament\/parution-affiches-de-grenoble-avril-2019-3-3\/\">Parution dans les Affiches de Grenoble Novembre  2024<\/a><\/h2><\/div><div class=\"post-excerpt\">Dernier article de Maitre Lachat dans les Affiches de Grenoble et du Dauphin\u00e9: Vente immobili\u00e8re: les juges font de la r\u00e9sistance. Lire la publication en pdf<\/div><div class=\"post-footer\"><div class=\"button-love\"><span class=\"love-text\">Do you like it?<\/span><a href=\"#\" class=\"mfn-love \" data-id=\"1003\"><span class=\"icons-wrapper\"><i class=\"icon-heart-empty-fa\"><\/i><i class=\"icon-heart-fa\"><\/i><\/span><span class=\"label\">0<\/span><\/a><\/div><div class=\"post-links\"><i class=\"icon-doc-text\"><\/i> <a href=\"https:\/\/www.lachat-mouronvalle-avocats.com\/succession-testament\/parution-affiches-de-grenoble-avril-2019-3-3\/\" class=\"post-more\">Read more<\/a><\/div><\/div><\/div><\/div><\/div><\/div><\/div>\n<\/div>\n[\/vc_column_text][\/vc_column][\/vc_row]<\/p>\n","protected":false},"excerpt":{"rendered":"<p>Dernier article de Maitre Lachat dans les Affiches de Grenoble et du Dauphin\u00e9: Vente immobili\u00e8re: les juges font de la r\u00e9sistance. Lire la publication en pdf<\/p>\n","protected":false},"author":61,"featured_media":0,"parent":0,"menu_order":0,"comment_status":"closed","ping_status":"closed","template":"","meta":{"footnotes":""},"class_list":["post-210","page","type-page","status-publish","hentry"],"yoast_head":"<!-- This site is optimized with the Yoast SEO plugin v26.9 - https:\/\/yoast.com\/product\/yoast-seo-wordpress\/ -->\n<title>Actualit\u00e9s - Lachat Mouronvalle avocats<\/title>\n<meta name=\"robots\" content=\"index, follow, max-snippet:-1, max-image-preview:large, max-video-preview:-1\" \/>\n<link rel=\"canonical\" href=\"https:\/\/www.lachat-mouronvalle-avocats.com\/succession-testament\/actualites\/\" \/>\n<meta property=\"og:locale\" content=\"fr_FR\" \/>\n<meta property=\"og:type\" content=\"article\" \/>\n<meta property=\"og:title\" content=\"Actualit\u00e9s - Lachat Mouronvalle avocats\" \/>\n<meta property=\"og:description\" content=\"Dernier article de Maitre Lachat dans les Affiches de Grenoble et du Dauphin\u00e9: Vente immobili\u00e8re: les juges font de la r\u00e9sistance. Lire la publication en pdf\" \/>\n<meta property=\"og:url\" content=\"https:\/\/www.lachat-mouronvalle-avocats.com\/succession-testament\/actualites\/\" \/>\n<meta property=\"og:site_name\" content=\"Lachat Mouronvalle avocats\" \/>\n<meta property=\"article:modified_time\" content=\"2021-09-20T10:43:07+00:00\" \/>\n<meta name=\"twitter:card\" content=\"summary_large_image\" \/>\n<script type=\"application\/ld+json\" class=\"yoast-schema-graph\">{\"@context\":\"https:\/\/schema.org\",\"@graph\":[{\"@type\":\"WebPage\",\"@id\":\"https:\/\/www.lachat-mouronvalle-avocats.com\/succession-testament\/actualites\/\",\"url\":\"https:\/\/www.lachat-mouronvalle-avocats.com\/succession-testament\/actualites\/\",\"name\":\"Actualit\u00e9s - Lachat Mouronvalle avocats\",\"isPartOf\":{\"@id\":\"https:\/\/www.lachat-mouronvalle-avocats.com\/succession-testament\/#website\"},\"datePublished\":\"2016-08-17T12:49:55+00:00\",\"dateModified\":\"2021-09-20T10:43:07+00:00\",\"breadcrumb\":{\"@id\":\"https:\/\/www.lachat-mouronvalle-avocats.com\/succession-testament\/actualites\/#breadcrumb\"},\"inLanguage\":\"fr-FR\",\"potentialAction\":[{\"@type\":\"ReadAction\",\"target\":[\"https:\/\/www.lachat-mouronvalle-avocats.com\/succession-testament\/actualites\/\"]}]},{\"@type\":\"BreadcrumbList\",\"@id\":\"https:\/\/www.lachat-mouronvalle-avocats.com\/succession-testament\/actualites\/#breadcrumb\",\"itemListElement\":[{\"@type\":\"ListItem\",\"position\":1,\"name\":\"Accueil\",\"item\":\"https:\/\/www.lachat-mouronvalle-avocats.com\/succession-testament\/\"},{\"@type\":\"ListItem\",\"position\":2,\"name\":\"Actualit\u00e9s\"}]},{\"@type\":\"WebSite\",\"@id\":\"https:\/\/www.lachat-mouronvalle-avocats.com\/succession-testament\/#website\",\"url\":\"https:\/\/www.lachat-mouronvalle-avocats.com\/succession-testament\/\",\"name\":\"Lachat Mouronvalle avocats\",\"description\":\"\",\"potentialAction\":[{\"@type\":\"SearchAction\",\"target\":{\"@type\":\"EntryPoint\",\"urlTemplate\":\"https:\/\/www.lachat-mouronvalle-avocats.com\/succession-testament\/?s={search_term_string}\"},\"query-input\":{\"@type\":\"PropertyValueSpecification\",\"valueRequired\":true,\"valueName\":\"search_term_string\"}}],\"inLanguage\":\"fr-FR\"}]}<\/script>\n<!-- \/ Yoast SEO plugin. -->","yoast_head_json":{"title":"Actualit\u00e9s - Lachat Mouronvalle avocats","robots":{"index":"index","follow":"follow","max-snippet":"max-snippet:-1","max-image-preview":"max-image-preview:large","max-video-preview":"max-video-preview:-1"},"canonical":"https:\/\/www.lachat-mouronvalle-avocats.com\/succession-testament\/actualites\/","og_locale":"fr_FR","og_type":"article","og_title":"Actualit\u00e9s - Lachat Mouronvalle avocats","og_description":"Dernier article de Maitre Lachat dans les Affiches de Grenoble et du Dauphin\u00e9: Vente immobili\u00e8re: les juges font de la r\u00e9sistance. Lire la publication en pdf","og_url":"https:\/\/www.lachat-mouronvalle-avocats.com\/succession-testament\/actualites\/","og_site_name":"Lachat Mouronvalle avocats","article_modified_time":"2021-09-20T10:43:07+00:00","twitter_card":"summary_large_image","schema":{"@context":"https:\/\/schema.org","@graph":[{"@type":"WebPage","@id":"https:\/\/www.lachat-mouronvalle-avocats.com\/succession-testament\/actualites\/","url":"https:\/\/www.lachat-mouronvalle-avocats.com\/succession-testament\/actualites\/","name":"Actualit\u00e9s - Lachat Mouronvalle avocats","isPartOf":{"@id":"https:\/\/www.lachat-mouronvalle-avocats.com\/succession-testament\/#website"},"datePublished":"2016-08-17T12:49:55+00:00","dateModified":"2021-09-20T10:43:07+00:00","breadcrumb":{"@id":"https:\/\/www.lachat-mouronvalle-avocats.com\/succession-testament\/actualites\/#breadcrumb"},"inLanguage":"fr-FR","potentialAction":[{"@type":"ReadAction","target":["https:\/\/www.lachat-mouronvalle-avocats.com\/succession-testament\/actualites\/"]}]},{"@type":"BreadcrumbList","@id":"https:\/\/www.lachat-mouronvalle-avocats.com\/succession-testament\/actualites\/#breadcrumb","itemListElement":[{"@type":"ListItem","position":1,"name":"Accueil","item":"https:\/\/www.lachat-mouronvalle-avocats.com\/succession-testament\/"},{"@type":"ListItem","position":2,"name":"Actualit\u00e9s"}]},{"@type":"WebSite","@id":"https:\/\/www.lachat-mouronvalle-avocats.com\/succession-testament\/#website","url":"https:\/\/www.lachat-mouronvalle-avocats.com\/succession-testament\/","name":"Lachat Mouronvalle avocats","description":"","potentialAction":[{"@type":"SearchAction","target":{"@type":"EntryPoint","urlTemplate":"https:\/\/www.lachat-mouronvalle-avocats.com\/succession-testament\/?s={search_term_string}"},"query-input":{"@type":"PropertyValueSpecification","valueRequired":true,"valueName":"search_term_string"}}],"inLanguage":"fr-FR"}]}},"_links":{"self":[{"href":"https:\/\/www.lachat-mouronvalle-avocats.com\/succession-testament\/wp-json\/wp\/v2\/pages\/210","targetHints":{"allow":["GET"]}}],"collection":[{"href":"https:\/\/www.lachat-mouronvalle-avocats.com\/succession-testament\/wp-json\/wp\/v2\/pages"}],"about":[{"href":"https:\/\/www.lachat-mouronvalle-avocats.com\/succession-testament\/wp-json\/wp\/v2\/types\/page"}],"author":[{"embeddable":true,"href":"https:\/\/www.lachat-mouronvalle-avocats.com\/succession-testament\/wp-json\/wp\/v2\/users\/61"}],"replies":[{"embeddable":true,"href":"https:\/\/www.lachat-mouronvalle-avocats.com\/succession-testament\/wp-json\/wp\/v2\/comments?post=210"}],"version-history":[{"count":21,"href":"https:\/\/www.lachat-mouronvalle-avocats.com\/succession-testament\/wp-json\/wp\/v2\/pages\/210\/revisions"}],"predecessor-version":[{"id":856,"href":"https:\/\/www.lachat-mouronvalle-avocats.com\/succession-testament\/wp-json\/wp\/v2\/pages\/210\/revisions\/856"}],"wp:attachment":[{"href":"https:\/\/www.lachat-mouronvalle-avocats.com\/succession-testament\/wp-json\/wp\/v2\/media?parent=210"}],"curies":[{"name":"wp","href":"https:\/\/api.w.org\/{rel}","templated":true}]}}